{"id":86,"date":"2015-03-24T19:08:00","date_gmt":"2015-03-24T19:08:00","guid":{"rendered":""},"modified":"2020-05-21T17:01:32","modified_gmt":"2020-05-21T17:01:32","slug":"blog-page","status":"publish","type":"page","link":"https:\/\/skyframebolivia.com\/blog\/blog-page\/","title":{"rendered":"BLOG SKYFRAME BOLIVIA SRL"},"content":{"rendered":"<p><span style=\"font-family: Verdana,sans-serif;\">SKYFRAME S.R.L es una empresa multidisciplinaria de ingenier\u00eda en tecnolog\u00edas de la informaci\u00f3n y comunicaci\u00f3n, conformada por un grupo de profesionales de alto nivel, nos especializamos en productos y servicios orientados a la infraestructura tecnol\u00f3gica, transmisi\u00f3n de datos, voz y multimedia, integraci\u00f3n de sistemas inform\u00e1ticos, sistemas de monitoreo y alarma, seguridad de redes de comunicaci\u00f3n, provisi\u00f3n de equipamiento y consultor\u00eda en tecnolog\u00eda.<\/p>\n<p>Nuestras \u00e1reas de trabajo son amplias y contamos con profesionales experimentados en el mundo de las TI, este espacio ser\u00e1 utilizado por nosotros para brindar informaci\u00f3n t\u00e9cnica \u00fatil sobre el mundo de la tecnolog\u00eda, esperamos que el blog pueda serles de utilidad y que nos comuniquen cualquier consulta.<\/p>\n<p>No olviden visitar nuestra <span id=\"goog_116542688\"><\/span><a href=\"http:\/\/www.skyframebolivia.com\/\" target=\"_blank\" rel=\"noopener noreferrer\">p\u00e1gina<span id=\"goog_116542689\"><\/span><\/a>.<\/p>\n<p>Saludos.<\/p>\n<p>El equipo de Skyframe Bolivia. <\/span><\/p>\n","protected":false},"excerpt":{"rendered":"<p>SKYFRAME S.R.L es una empresa multidisciplinaria de ingenier\u00eda en tecnolog\u00edas de la informaci\u00f3n y comunicaci\u00f3n, conformada por un grupo de profesionales de alto nivel, nos especializamos en productos y servicios orientados a la infraestructura tecnol\u00f3gica, transmisi\u00f3n de datos, voz y multimedia, integraci\u00f3n de sistemas inform\u00e1ticos, sistemas de monitoreo y alarma, seguridad de redes de comunicaci\u00f3n,&#8230;<\/p>\n","protected":false},"author":3,"featured_media":0,"parent":0,"menu_order":0,"comment_status":"closed","ping_status":"closed","template":"","meta":{"_monsterinsights_skip_tracking":false,"_monsterinsights_sitenote_active":false,"_monsterinsights_sitenote_note":"","_monsterinsights_sitenote_category":0,"footnotes":""},"class_list":["post-86","page","type-page","status-publish","hentry"],"yoast_head":"<!-- This site is optimized with the Yoast SEO plugin v26.9 - https:\/\/yoast.com\/product\/yoast-seo-wordpress\/ -->\n<title>BLOG SKYFRAME BOLIVIA SRL - BLOG SKYFRAME<\/title>\n<meta name=\"robots\" content=\"index, follow, max-snippet:-1, max-image-preview:large, max-video-preview:-1\" \/>\n<link rel=\"canonical\" href=\"https:\/\/skyframebolivia.com\/blog\/blog-page\/\" \/>\n<meta property=\"og:locale\" content=\"es_ES\" \/>\n<meta property=\"og:type\" content=\"article\" \/>\n<meta property=\"og:title\" content=\"BLOG SKYFRAME BOLIVIA SRL - BLOG SKYFRAME\" \/>\n<meta property=\"og:description\" content=\"SKYFRAME S.R.L es una empresa multidisciplinaria de ingenier\u00eda en tecnolog\u00edas de la informaci\u00f3n y comunicaci\u00f3n, conformada por un grupo de profesionales de alto nivel, nos especializamos en productos y servicios orientados a la infraestructura tecnol\u00f3gica, transmisi\u00f3n de datos, voz y multimedia, integraci\u00f3n de sistemas inform\u00e1ticos, sistemas de monitoreo y alarma, seguridad de redes de comunicaci\u00f3n,...\" \/>\n<meta property=\"og:url\" content=\"https:\/\/skyframebolivia.com\/blog\/blog-page\/\" \/>\n<meta property=\"og:site_name\" content=\"BLOG SKYFRAME\" \/>\n<meta property=\"article:publisher\" content=\"https:\/\/www.facebook.com\/skyframebolivia\" \/>\n<meta property=\"article:modified_time\" content=\"2020-05-21T17:01:32+00:00\" \/>\n<meta name=\"twitter:card\" content=\"summary_large_image\" \/>\n<meta name=\"twitter:site\" content=\"@SkyframeBO\" \/>\n<meta name=\"twitter:label1\" content=\"Tiempo de lectura\" \/>\n\t<meta name=\"twitter:data1\" content=\"1 minuto\" \/>\n<script type=\"application\/ld+json\" class=\"yoast-schema-graph\">{\"@context\":\"https:\/\/schema.org\",\"@graph\":[{\"@type\":\"WebPage\",\"@id\":\"https:\/\/skyframebolivia.com\/blog\/blog-page\/\",\"url\":\"https:\/\/skyframebolivia.com\/blog\/blog-page\/\",\"name\":\"BLOG SKYFRAME BOLIVIA SRL - BLOG SKYFRAME\",\"isPartOf\":{\"@id\":\"https:\/\/skyframebolivia.com\/blog\/#website\"},\"datePublished\":\"2015-03-24T19:08:00+00:00\",\"dateModified\":\"2020-05-21T17:01:32+00:00\",\"breadcrumb\":{\"@id\":\"https:\/\/skyframebolivia.com\/blog\/blog-page\/#breadcrumb\"},\"inLanguage\":\"es\",\"potentialAction\":[{\"@type\":\"ReadAction\",\"target\":[\"https:\/\/skyframebolivia.com\/blog\/blog-page\/\"]}]},{\"@type\":\"BreadcrumbList\",\"@id\":\"https:\/\/skyframebolivia.com\/blog\/blog-page\/#breadcrumb\",\"itemListElement\":[{\"@type\":\"ListItem\",\"position\":1,\"name\":\"Portada\",\"item\":\"https:\/\/skyframebolivia.com\/blog\/\"},{\"@type\":\"ListItem\",\"position\":2,\"name\":\"BLOG SKYFRAME BOLIVIA SRL\"}]},{\"@type\":\"WebSite\",\"@id\":\"https:\/\/skyframebolivia.com\/blog\/#website\",\"url\":\"https:\/\/skyframebolivia.com\/blog\/\",\"name\":\"BLOG SKYFRAME\",\"description\":\"Blog de Skyframe SRL\",\"publisher\":{\"@id\":\"https:\/\/skyframebolivia.com\/blog\/#organization\"},\"potentialAction\":[{\"@type\":\"SearchAction\",\"target\":{\"@type\":\"EntryPoint\",\"urlTemplate\":\"https:\/\/skyframebolivia.com\/blog\/?s={search_term_string}\"},\"query-input\":{\"@type\":\"PropertyValueSpecification\",\"valueRequired\":true,\"valueName\":\"search_term_string\"}}],\"inLanguage\":\"es\"},{\"@type\":\"Organization\",\"@id\":\"https:\/\/skyframebolivia.com\/blog\/#organization\",\"name\":\"SKYFRAME SRL\",\"url\":\"https:\/\/skyframebolivia.com\/blog\/\",\"logo\":{\"@type\":\"ImageObject\",\"inLanguage\":\"es\",\"@id\":\"https:\/\/skyframebolivia.com\/blog\/#\/schema\/logo\/image\/\",\"url\":\"https:\/\/skyframebolivia.com\/blog\/wp-content\/uploads\/2020\/05\/logo.png\",\"contentUrl\":\"https:\/\/skyframebolivia.com\/blog\/wp-content\/uploads\/2020\/05\/logo.png\",\"width\":185,\"height\":42,\"caption\":\"SKYFRAME SRL\"},\"image\":{\"@id\":\"https:\/\/skyframebolivia.com\/blog\/#\/schema\/logo\/image\/\"},\"sameAs\":[\"https:\/\/www.facebook.com\/skyframebolivia\",\"https:\/\/x.com\/SkyframeBO\",\"https:\/\/www.linkedin.com\/company\/skyframe-s-r-l\"]}]}<\/script>\n<!-- \/ Yoast SEO plugin. -->","yoast_head_json":{"title":"BLOG SKYFRAME BOLIVIA SRL - BLOG SKYFRAME","robots":{"index":"index","follow":"follow","max-snippet":"max-snippet:-1","max-image-preview":"max-image-preview:large","max-video-preview":"max-video-preview:-1"},"canonical":"https:\/\/skyframebolivia.com\/blog\/blog-page\/","og_locale":"es_ES","og_type":"article","og_title":"BLOG SKYFRAME BOLIVIA SRL - BLOG SKYFRAME","og_description":"SKYFRAME S.R.L es una empresa multidisciplinaria de ingenier\u00eda en tecnolog\u00edas de la informaci\u00f3n y comunicaci\u00f3n, conformada por un grupo de profesionales de alto nivel, nos especializamos en productos y servicios orientados a la infraestructura tecnol\u00f3gica, transmisi\u00f3n de datos, voz y multimedia, integraci\u00f3n de sistemas inform\u00e1ticos, sistemas de monitoreo y alarma, seguridad de redes de comunicaci\u00f3n,...","og_url":"https:\/\/skyframebolivia.com\/blog\/blog-page\/","og_site_name":"BLOG SKYFRAME","article_publisher":"https:\/\/www.facebook.com\/skyframebolivia","article_modified_time":"2020-05-21T17:01:32+00:00","twitter_card":"summary_large_image","twitter_site":"@SkyframeBO","twitter_misc":{"Tiempo de lectura":"1 minuto"},"schema":{"@context":"https:\/\/schema.org","@graph":[{"@type":"WebPage","@id":"https:\/\/skyframebolivia.com\/blog\/blog-page\/","url":"https:\/\/skyframebolivia.com\/blog\/blog-page\/","name":"BLOG SKYFRAME BOLIVIA SRL - BLOG SKYFRAME","isPartOf":{"@id":"https:\/\/skyframebolivia.com\/blog\/#website"},"datePublished":"2015-03-24T19:08:00+00:00","dateModified":"2020-05-21T17:01:32+00:00","breadcrumb":{"@id":"https:\/\/skyframebolivia.com\/blog\/blog-page\/#breadcrumb"},"inLanguage":"es","potentialAction":[{"@type":"ReadAction","target":["https:\/\/skyframebolivia.com\/blog\/blog-page\/"]}]},{"@type":"BreadcrumbList","@id":"https:\/\/skyframebolivia.com\/blog\/blog-page\/#breadcrumb","itemListElement":[{"@type":"ListItem","position":1,"name":"Portada","item":"https:\/\/skyframebolivia.com\/blog\/"},{"@type":"ListItem","position":2,"name":"BLOG SKYFRAME BOLIVIA SRL"}]},{"@type":"WebSite","@id":"https:\/\/skyframebolivia.com\/blog\/#website","url":"https:\/\/skyframebolivia.com\/blog\/","name":"BLOG SKYFRAME","description":"Blog de Skyframe SRL","publisher":{"@id":"https:\/\/skyframebolivia.com\/blog\/#organization"},"potentialAction":[{"@type":"SearchAction","target":{"@type":"EntryPoint","urlTemplate":"https:\/\/skyframebolivia.com\/blog\/?s={search_term_string}"},"query-input":{"@type":"PropertyValueSpecification","valueRequired":true,"valueName":"search_term_string"}}],"inLanguage":"es"},{"@type":"Organization","@id":"https:\/\/skyframebolivia.com\/blog\/#organization","name":"SKYFRAME SRL","url":"https:\/\/skyframebolivia.com\/blog\/","logo":{"@type":"ImageObject","inLanguage":"es","@id":"https:\/\/skyframebolivia.com\/blog\/#\/schema\/logo\/image\/","url":"https:\/\/skyframebolivia.com\/blog\/wp-content\/uploads\/2020\/05\/logo.png","contentUrl":"https:\/\/skyframebolivia.com\/blog\/wp-content\/uploads\/2020\/05\/logo.png","width":185,"height":42,"caption":"SKYFRAME SRL"},"image":{"@id":"https:\/\/skyframebolivia.com\/blog\/#\/schema\/logo\/image\/"},"sameAs":["https:\/\/www.facebook.com\/skyframebolivia","https:\/\/x.com\/SkyframeBO","https:\/\/www.linkedin.com\/company\/skyframe-s-r-l"]}]}},"_links":{"self":[{"href":"https:\/\/skyframebolivia.com\/blog\/wp-json\/wp\/v2\/pages\/86","targetHints":{"allow":["GET"]}}],"collection":[{"href":"https:\/\/skyframebolivia.com\/blog\/wp-json\/wp\/v2\/pages"}],"about":[{"href":"https:\/\/skyframebolivia.com\/blog\/wp-json\/wp\/v2\/types\/page"}],"author":[{"embeddable":true,"href":"https:\/\/skyframebolivia.com\/blog\/wp-json\/wp\/v2\/users\/3"}],"replies":[{"embeddable":true,"href":"https:\/\/skyframebolivia.com\/blog\/wp-json\/wp\/v2\/comments?post=86"}],"version-history":[{"count":1,"href":"https:\/\/skyframebolivia.com\/blog\/wp-json\/wp\/v2\/pages\/86\/revisions"}],"predecessor-version":[{"id":87,"href":"https:\/\/skyframebolivia.com\/blog\/wp-json\/wp\/v2\/pages\/86\/revisions\/87"}],"wp:attachment":[{"href":"https:\/\/skyframebolivia.com\/blog\/wp-json\/wp\/v2\/media?parent=86"}],"curies":[{"name":"wp","href":"https:\/\/api.w.org\/{rel}","templated":true}]}}